{"id":214,"date":"2024-12-04T07:23:30","date_gmt":"2024-12-04T07:23:30","guid":{"rendered":"https:\/\/www.lk-b.de\/gesundheit\/?post_type=product&#038;p=214"},"modified":"2025-08-03T09:38:41","modified_gmt":"2025-08-03T09:38:41","slug":"cellucare","status":"publish","type":"product","link":"https:\/\/www.lk-b.de\/gesundheit\/cellucare\/","title":{"rendered":"CelluCare"},"content":{"rendered":"<p>CelluCare ist ein hochwertiges Nahrungserg\u00e4nzungsmittel, das darauf abzielt, den Blutzuckerspiegel auf nat\u00fcrliche Weise zu unterst\u00fctzen und das allgemeine Wohlbefinden zu f\u00f6rdern. Es bietet nicht nur Unterst\u00fctzung f\u00fcr den Blutzucker, sondern steigert auch die Energie, bek\u00e4mpft M\u00fcdigkeit und verbessert die Vitalit\u00e4t. Wer auf der Suche nach einer nat\u00fcrlichen Unterst\u00fctzung f\u00fcr mehr Gesundheit und Energie im Alltag ist, wird in CelluCare einen wertvollen Begleiter finden.<\/p>\n<div class=\"su-button-center\"><a href=\"https:\/\/www.lk-b.de\/gesundheit\/cellucare-de\" class=\"su-button su-button-style-3d\" style=\"color:#FFFFFF;background-color:#0067ff;border-color:#0053cc;border-radius:10px\" target=\"_self\"><span style=\"color:#FFFFFF;padding:0px 34px;font-size:25px;line-height:50px;border-color:#4d95ff;border-radius:10px;text-shadow:none\"> <strong>CelluCare F\u00f6rderung -30%<\/strong><\/span><\/a><\/div>\n<p>&nbsp;<\/p>\n<figure class=\"wp-block-table is-style-regular\">\n<table class=\"has-fixed-layout\" style=\"height: 314px;\" width=\"460\">\n<tbody>\n<tr style=\"height: 13px;\">\n<td style=\"height: 13px;\"><strong>Produktname<\/strong><\/td>\n<td style=\"height: 13px;\">CelluCare<\/td>\n<\/tr>\n<tr style=\"height: 14px;\">\n<td style=\"height: 14px;\"><strong>Meinung<\/strong><\/td>\n<td style=\"height: 14px;\">\u2b50\u2b50\u2b50\u2b50\u2b50<\/td>\n<\/tr>\n<tr style=\"height: 13px;\">\n<td style=\"height: 13px;\"><strong>Preis<\/strong><\/td>\n<td style=\"height: 13px;\">69 \u20ac <del>99 \u20ac<\/del><\/td>\n<\/tr>\n<tr style=\"height: 13px;\">\n<td style=\"height: 13px;\"><strong>Produktform<\/strong><\/td>\n<td style=\"height: 13px;\">Kapseln<\/td>\n<\/tr>\n<tr style=\"height: 12.5875px;\">\n<td style=\"height: 12.5875px;\"><strong>Zusammensetzung<\/strong><\/td>\n<td style=\"height: 12.5875px;\">\n<ul>\n<li>Kurkuma-Rhizom<\/li>\n<li>Eleutherokokkus (Sibirischer Ginseng)<\/li>\n<li>Wacholderbeere<\/li>\n<li>Banaba-Blatt<\/li>\n<li>Kakaobohn-Extrakt<\/li>\n<li>Gymnema<\/li>\n<li>Kiefernrindenextrakt<\/li>\n<li>Schlangenwurz (Butchers Broom)<\/li>\n<\/ul>\n<\/td>\n<\/tr>\n<\/tbody>\n<\/table>\n<\/figure>\n<h2>Anwendungsgebiete<\/h2>\n<p>CelluCare wird besonders empfohlen f\u00fcr die Unterst\u00fctzung bei:<\/p>\n<ul>\n<li>Aufrechterhaltung eines gesunden Blutzuckerspiegels<\/li>\n<li>Steigerung der Energie und Bek\u00e4mpfung von M\u00fcdigkeit<\/li>\n<li>F\u00f6rderung der Vitalit\u00e4t und allgemeinen Gesundheit<\/li>\n<\/ul>\n<div class=\"su-button-center\"><a href=\"https:\/\/www.lk-b.de\/gesundheit\/cellucare-de\" class=\"su-button su-button-style-3d\" style=\"color:#FFFFFF;background-color:#0067ff;border-color:#0053cc;border-radius:10px\" target=\"_self\"><span style=\"color:#FFFFFF;padding:0px 34px;font-size:25px;line-height:50px;border-color:#4d95ff;border-radius:10px;text-shadow:none\"> <strong>CelluCare F\u00f6rderung -30%<\/strong><\/span><\/a><\/div>\n<p>&nbsp;<\/p>\n<h2>CelluCare &#8211; Wirkungsweise<\/h2>\n<p>CelluCare wirkt auf mehreren Ebenen des K\u00f6rpers. Die nat\u00fcrlichen Inhaltsstoffe wirken synergistisch, um die Blutzuckerregulation zu unterst\u00fctzen, die Energielevels zu steigern, die Durchblutung zu f\u00f6rdern und eine gesunde Entz\u00fcndungsreaktion zu f\u00f6rdern. Diese kombinierten Effekte tragen dazu bei, das allgemeine Wohlbefinden zu verbessern.<\/p>\n<h2>CelluCare &#8211; Inhaltsstoffe und Wirkstoff<\/h2>\n<p>CelluCare enth\u00e4lt eine sorgf\u00e4ltige Auswahl nat\u00fcrlicher Inhaltsstoffe, die bekannt daf\u00fcr sind, gesundheitliche Vorteile zu bieten:<\/p>\n<ul>\n<li>Kurkuma-Rhizom: Unterst\u00fctzt den Blutzucker und wirkt entz\u00fcndungshemmend.<\/li>\n<li>Eleutherokokkus (Sibirischer Ginseng): Steigert die Energie und bek\u00e4mpft M\u00fcdigkeit.<\/li>\n<li>Wacholderbeere: F\u00f6rdert gesunden Blutdruck.<\/li>\n<li>Banaba-Blatt: Unterst\u00fctzt Verdauung und Herzgesundheit.<\/li>\n<li>Kakaobohn-Extrakt: F\u00f6rdert eine gesunde Blutzirkulation.<\/li>\n<li>Gymnema: Unterst\u00fctzt die Herzgesundheit und reguliert den Blutzucker.<\/li>\n<li>Kiefernrindenextrakt: Tr\u00e4gt zu einer gesunden Entz\u00fcndungsreaktion bei.<\/li>\n<li>Schlangenwurz (Butchers Broom): F\u00f6rdert gesunde Blutzirkulation.<\/li>\n<\/ul>\n<h2>CelluCare \u2013 Effekte \u2013 Auswirkungen<\/h2>\n<p>Die regelm\u00e4\u00dfige Einnahme von CelluCare f\u00fchrt zu mehreren positiven Effekten:<\/p>\n<ul>\n<li>Unterst\u00fctzung eines gesunden Blutzuckerspiegels<\/li>\n<li>Steigerung der Energie und Bek\u00e4mpfung von M\u00fcdigkeit<\/li>\n<li>Verbesserung der Vitalit\u00e4t und des allgemeinen Wohlbefindens<\/li>\n<\/ul>\n<div class=\"su-button-center\"><a href=\"https:\/\/www.lk-b.de\/gesundheit\/cellucare-de\" class=\"su-button su-button-style-3d\" style=\"color:#FFFFFF;background-color:#0067ff;border-color:#0053cc;border-radius:10px\" target=\"_self\"><span style=\"color:#FFFFFF;padding:0px 34px;font-size:25px;line-height:50px;border-color:#4d95ff;border-radius:10px;text-shadow:none\"> <strong>CelluCare F\u00f6rderung -30%<\/strong><\/span><\/a><\/div>\n<p>&nbsp;<\/p>\n<h2>CelluCare &#8211; Meinungen und Bewertungen<\/h2>\n<p>Nutzer berichten von einer sp\u00fcrbaren Verbesserung ihrer Energielevels und einer stabileren Blutzuckerregulation. Viele sch\u00e4tzen die nat\u00fcrlichen Inhaltsstoffe und die Wirkung von CelluCare als Unterst\u00fctzung f\u00fcr ein aktives und gesundes Leben. Besonders hervorzuheben ist die Wirkung auf die t\u00e4gliche Vitalit\u00e4t, die von den Anwendern sehr positiv bewertet wird.<\/p>\n<h2>Bei welchen Beschwerden werden CelluCare verwendet?<\/h2>\n<p>CelluCare ist besonders hilfreich bei den folgenden Beschwerden:<\/p>\n<ul>\n<li>Ungleichgewicht im Blutzuckerspiegel<\/li>\n<li>M\u00fcdigkeit und Energielosigkeit<\/li>\n<li>Bedarf an zus\u00e4tzlicher Vitalit\u00e4t und Wohlbefinden<\/li>\n<\/ul>\n<h2>Dosierung und Anwendungshinweise<\/h2>\n<p>Die empfohlene Dosierung von CelluCare betr\u00e4gt eine Kapsel t\u00e4glich, einzunehmen mit einer halben Tasse Wasser zu einer Mahlzeit am Abend.<\/p>\n<h2>Dauer der Anwendung?<\/h2>\n<p>F\u00fcr sp\u00fcrbare Ergebnisse sollte CelluCare mindestens \u00fcber mehrere Wochen eingenommen werden. Die kontinuierliche Anwendung sorgt f\u00fcr die besten Effekte.<\/p>\n<h2>Kontraindikationen<\/h2>\n<p>CelluCare ist nicht geeignet f\u00fcr Personen mit Allergien gegen einen der Inhaltsstoffe. Zudem wird es nicht f\u00fcr schwangere oder stillende Frauen empfohlen.<\/p>\n<h2>Nebenwirkungen<\/h2>\n<p>Es sind keine bekannten sch\u00e4dlichen Nebenwirkungen von CelluCare zu erwarten, solange das Produkt gem\u00e4\u00df der Dosierungsanleitung verwendet wird.<\/p>\n<div class=\"su-button-center\"><a href=\"https:\/\/www.lk-b.de\/gesundheit\/cellucare-de\" class=\"su-button su-button-style-3d\" style=\"color:#FFFFFF;background-color:#0067ff;border-color:#0053cc;border-radius:10px\" target=\"_self\"><span style=\"color:#FFFFFF;padding:0px 34px;font-size:25px;line-height:50px;border-color:#4d95ff;border-radius:10px;text-shadow:none\"> <strong>CelluCare F\u00f6rderung -30%<\/strong><\/span><\/a><\/div>\n<p>&nbsp;<\/p>\n<h2>Wo k\u00f6nnen Sie CelluCare kaufen?<\/h2>\n<p>CelluCare ist nicht in Apotheken oder gro\u00dfen Online-Shops wie Amazon oder Ebay erh\u00e4ltlich. Um sicherzustellen, dass Sie das Originalprodukt erhalten, empfehlen wir, CelluCare ausschlie\u00dflich \u00fcber die offizielle Website zu kaufen.<\/p>\n<h2>Wie viel kostet das CelluCare &#8211; Preis<\/h2>\n<p>Der Preis f\u00fcr CelluCare liegt aktuell bei 69 Euro, anstatt des urspr\u00fcnglichen Preises von 99 Euro. Nutzen Sie die Sonderaktion auf der offiziellen Website, um von diesem attraktiven Preis zu profitieren.<\/p>\n","protected":false},"excerpt":{"rendered":"<p>CelluCare ist ein hochwertiges Nahrungserg\u00e4nzungsmittel, das darauf abzielt, den Blutzuckerspiegel auf nat\u00fcrliche Weise zu unterst\u00fctzen und das allgemeine Wohlbefinden zu [&hellip;]<\/p>\n","protected":false},"featured_media":220,"comment_status":"open","ping_status":"closed","template":"","meta":{"site-sidebar-layout":"default","site-content-layout":"","ast-site-content-layout":"default","site-content-style":"default","site-sidebar-style":"default","ast-global-header-display":"","ast-banner-title-visibility":"","ast-main-header-display":"","ast-hfb-above-header-display":"","ast-hfb-below-header-display":"","ast-hfb-mobile-header-display":"","site-post-title":"","ast-breadcrumbs-content":"","ast-featured-img":"","footer-sml-layout":"","ast-disable-related-posts":"","theme-transparent-header-meta":"default","adv-header-id-meta":"","stick-header-meta":"default","header-above-stick-meta":"","header-main-stick-meta":"","header-below-stick-meta":"","astra-migrate-meta-layouts":"set","ast-page-background-enabled":"default","ast-page-background-meta":{"desktop":{"background-color":"var(--ast-global-color-4)","background-image":"","background-repeat":"repeat","background-position":"center center","background-size":"auto","background-attachment":"scroll","background-type":"","background-media":"","overlay-type":"","overlay-color":"","overlay-opacity":"","overlay-gradient":""},"tablet":{"background-color":"","background-image":"","background-repeat":"repeat","background-position":"center center","background-size":"auto","background-attachment":"scroll","background-type":"","background-media":"","overlay-type":"","overlay-color":"","overlay-opacity":"","overlay-gradient":""},"mobile":{"background-color":"","background-image":"","background-repeat":"repeat","background-position":"center center","background-size":"auto","background-attachment":"scroll","background-type":"","background-media":"","overlay-type":"","overlay-color":"","overlay-opacity":"","overlay-gradient":""}},"ast-content-background-meta":{"desktop":{"background-color":"var(--ast-global-color-5)","background-image":"","background-repeat":"repeat","background-position":"center center","background-size":"auto","background-attachment":"scroll","background-type":"","background-media":"","overlay-type":"","overlay-color":"","overlay-opacity":"","overlay-gradient":""},"tablet":{"background-color":"var(--ast-global-color-5)","background-image":"","background-repeat":"repeat","background-position":"center center","background-size":"auto","background-attachment":"scroll","background-type":"","background-media":"","overlay-type":"","overlay-color":"","overlay-opacity":"","overlay-gradient":""},"mobile":{"background-color":"var(--ast-global-color-5)","background-image":"","background-repeat":"repeat","background-position":"center center","background-size":"auto","background-attachment":"scroll","background-type":"","background-media":"","overlay-type":"","overlay-color":"","overlay-opacity":"","overlay-gradient":""}}},"product_brand":[],"product_cat":[18],"product_tag":[],"class_list":{"0":"post-214","1":"product","2":"type-product","3":"status-publish","4":"has-post-thumbnail","6":"product_cat-gesundheit","7":"desktop-align-left","8":"tablet-align-left","9":"mobile-align-left","10":"ast-product-gallery-layout-first-image-large","11":"ast-product-gallery-with-no-image","12":"ast-product-tabs-layout-vertical","14":"first","15":"instock","16":"sale","17":"shipping-taxable","18":"product-type-external"},"yoast_head":"<!-- This site is optimized with the Yoast SEO plugin v27.6 - https:\/\/yoast.com\/product\/yoast-seo-wordpress\/ -->\n<title>CelluCare - Erfahrungen und Bewertungen<\/title>\n<meta name=\"robots\" content=\"index, follow, max-snippet:-1, max-image-preview:large, max-video-preview:-1\" \/>\n<link rel=\"canonical\" href=\"https:\/\/www.lk-b.de\/gesundheit\/cellucare\/\" \/>\n<meta property=\"og:locale\" content=\"de_DE\" \/>\n<meta property=\"og:type\" content=\"article\" \/>\n<meta property=\"og:title\" content=\"CelluCare - Erfahrungen und Bewertungen\" \/>\n<meta property=\"og:description\" content=\"CelluCare ist ein hochwertiges Nahrungserg\u00e4nzungsmittel, das darauf abzielt, den Blutzuckerspiegel auf nat\u00fcrliche Weise zu unterst\u00fctzen und das allgemeine Wohlbefinden zu [&hellip;]\" \/>\n<meta property=\"og:url\" content=\"https:\/\/www.lk-b.de\/gesundheit\/cellucare\/\" \/>\n<meta property=\"og:site_name\" content=\"Lungenklinik Ballenstedt\" \/>\n<meta property=\"article:modified_time\" content=\"2025-08-03T09:38:41+00:00\" \/>\n<meta property=\"og:image\" content=\"https:\/\/www.lk-b.de\/gesundheit\/wp-content\/uploads\/2024\/12\/CelluCare.jpg\" \/>\n\t<meta property=\"og:image:width\" content=\"500\" \/>\n\t<meta property=\"og:image:height\" content=\"500\" \/>\n\t<meta property=\"og:image:type\" content=\"image\/jpeg\" \/>\n<meta name=\"twitter:card\" content=\"summary_large_image\" \/>\n<meta name=\"twitter:label1\" content=\"Gesch\u00e4tzte Lesezeit\" \/>\n\t<meta name=\"twitter:data1\" content=\"4\u00a0Minuten\" \/>\n<script type=\"application\/ld+json\" class=\"yoast-schema-graph\">{\"@context\":\"https:\\\/\\\/schema.org\",\"@graph\":[{\"@type\":[\"WebPage\",\"ItemPage\"],\"@id\":\"https:\\\/\\\/www.lk-b.de\\\/gesundheit\\\/cellucare\\\/\",\"url\":\"https:\\\/\\\/www.lk-b.de\\\/gesundheit\\\/cellucare\\\/\",\"name\":\"CelluCare - Erfahrungen und Bewertungen\",\"isPartOf\":{\"@id\":\"https:\\\/\\\/www.lk-b.de\\\/gesundheit\\\/#website\"},\"primaryImageOfPage\":{\"@id\":\"https:\\\/\\\/www.lk-b.de\\\/gesundheit\\\/cellucare\\\/#primaryimage\"},\"image\":{\"@id\":\"https:\\\/\\\/www.lk-b.de\\\/gesundheit\\\/cellucare\\\/#primaryimage\"},\"thumbnailUrl\":\"https:\\\/\\\/www.lk-b.de\\\/gesundheit\\\/wp-content\\\/uploads\\\/2024\\\/12\\\/CelluCare.jpg\",\"datePublished\":\"2024-12-04T07:23:30+00:00\",\"dateModified\":\"2025-08-03T09:38:41+00:00\",\"breadcrumb\":{\"@id\":\"https:\\\/\\\/www.lk-b.de\\\/gesundheit\\\/cellucare\\\/#breadcrumb\"},\"inLanguage\":\"de\",\"potentialAction\":[{\"@type\":\"ReadAction\",\"target\":[\"https:\\\/\\\/www.lk-b.de\\\/gesundheit\\\/cellucare\\\/\"]}]},{\"@type\":\"ImageObject\",\"inLanguage\":\"de\",\"@id\":\"https:\\\/\\\/www.lk-b.de\\\/gesundheit\\\/cellucare\\\/#primaryimage\",\"url\":\"https:\\\/\\\/www.lk-b.de\\\/gesundheit\\\/wp-content\\\/uploads\\\/2024\\\/12\\\/CelluCare.jpg\",\"contentUrl\":\"https:\\\/\\\/www.lk-b.de\\\/gesundheit\\\/wp-content\\\/uploads\\\/2024\\\/12\\\/CelluCare.jpg\",\"width\":500,\"height\":500,\"caption\":\"CelluCare\"},{\"@type\":\"BreadcrumbList\",\"@id\":\"https:\\\/\\\/www.lk-b.de\\\/gesundheit\\\/cellucare\\\/#breadcrumb\",\"itemListElement\":[{\"@type\":\"ListItem\",\"position\":1,\"name\":\"Startseite\",\"item\":\"https:\\\/\\\/www.lk-b.de\\\/gesundheit\\\/\"},{\"@type\":\"ListItem\",\"position\":2,\"name\":\"Gesundheit\",\"item\":\"https:\\\/\\\/www.lk-b.de\\\/gesundheit\\\/\"},{\"@type\":\"ListItem\",\"position\":3,\"name\":\"CelluCare\"}]},{\"@type\":\"WebSite\",\"@id\":\"https:\\\/\\\/www.lk-b.de\\\/gesundheit\\\/#website\",\"url\":\"https:\\\/\\\/www.lk-b.de\\\/gesundheit\\\/\",\"name\":\"Lungenklinik Ballenstedt\",\"description\":\"\",\"publisher\":{\"@id\":\"https:\\\/\\\/www.lk-b.de\\\/gesundheit\\\/#organization\"},\"potentialAction\":[{\"@type\":\"SearchAction\",\"target\":{\"@type\":\"EntryPoint\",\"urlTemplate\":\"https:\\\/\\\/www.lk-b.de\\\/gesundheit\\\/?s={search_term_string}\"},\"query-input\":{\"@type\":\"PropertyValueSpecification\",\"valueRequired\":true,\"valueName\":\"search_term_string\"}}],\"inLanguage\":\"de\"},{\"@type\":\"Organization\",\"@id\":\"https:\\\/\\\/www.lk-b.de\\\/gesundheit\\\/#organization\",\"name\":\"Lungenklinik Ballenstedt\",\"url\":\"https:\\\/\\\/www.lk-b.de\\\/gesundheit\\\/\",\"logo\":{\"@type\":\"ImageObject\",\"inLanguage\":\"de\",\"@id\":\"https:\\\/\\\/www.lk-b.de\\\/gesundheit\\\/#\\\/schema\\\/logo\\\/image\\\/\",\"url\":\"https:\\\/\\\/www.lk-b.de\\\/gesundheit\\\/wp-content\\\/uploads\\\/2024\\\/11\\\/logo.jpg\",\"contentUrl\":\"https:\\\/\\\/www.lk-b.de\\\/gesundheit\\\/wp-content\\\/uploads\\\/2024\\\/11\\\/logo.jpg\",\"width\":1170,\"height\":1171,\"caption\":\"Lungenklinik Ballenstedt\"},\"image\":{\"@id\":\"https:\\\/\\\/www.lk-b.de\\\/gesundheit\\\/#\\\/schema\\\/logo\\\/image\\\/\"}}]}<\/script>\n<!-- \/ Yoast SEO plugin. -->","yoast_head_json":{"title":"CelluCare - Erfahrungen und Bewertungen","robots":{"index":"index","follow":"follow","max-snippet":"max-snippet:-1","max-image-preview":"max-image-preview:large","max-video-preview":"max-video-preview:-1"},"canonical":"https:\/\/www.lk-b.de\/gesundheit\/cellucare\/","og_locale":"de_DE","og_type":"article","og_title":"CelluCare - Erfahrungen und Bewertungen","og_description":"CelluCare ist ein hochwertiges Nahrungserg\u00e4nzungsmittel, das darauf abzielt, den Blutzuckerspiegel auf nat\u00fcrliche Weise zu unterst\u00fctzen und das allgemeine Wohlbefinden zu [&hellip;]","og_url":"https:\/\/www.lk-b.de\/gesundheit\/cellucare\/","og_site_name":"Lungenklinik Ballenstedt","article_modified_time":"2025-08-03T09:38:41+00:00","og_image":[{"width":500,"height":500,"url":"https:\/\/www.lk-b.de\/gesundheit\/wp-content\/uploads\/2024\/12\/CelluCare.jpg","type":"image\/jpeg"}],"twitter_card":"summary_large_image","twitter_misc":{"Gesch\u00e4tzte Lesezeit":"4\u00a0Minuten"},"schema":{"@context":"https:\/\/schema.org","@graph":[{"@type":["WebPage","ItemPage"],"@id":"https:\/\/www.lk-b.de\/gesundheit\/cellucare\/","url":"https:\/\/www.lk-b.de\/gesundheit\/cellucare\/","name":"CelluCare - Erfahrungen und Bewertungen","isPartOf":{"@id":"https:\/\/www.lk-b.de\/gesundheit\/#website"},"primaryImageOfPage":{"@id":"https:\/\/www.lk-b.de\/gesundheit\/cellucare\/#primaryimage"},"image":{"@id":"https:\/\/www.lk-b.de\/gesundheit\/cellucare\/#primaryimage"},"thumbnailUrl":"https:\/\/www.lk-b.de\/gesundheit\/wp-content\/uploads\/2024\/12\/CelluCare.jpg","datePublished":"2024-12-04T07:23:30+00:00","dateModified":"2025-08-03T09:38:41+00:00","breadcrumb":{"@id":"https:\/\/www.lk-b.de\/gesundheit\/cellucare\/#breadcrumb"},"inLanguage":"de","potentialAction":[{"@type":"ReadAction","target":["https:\/\/www.lk-b.de\/gesundheit\/cellucare\/"]}]},{"@type":"ImageObject","inLanguage":"de","@id":"https:\/\/www.lk-b.de\/gesundheit\/cellucare\/#primaryimage","url":"https:\/\/www.lk-b.de\/gesundheit\/wp-content\/uploads\/2024\/12\/CelluCare.jpg","contentUrl":"https:\/\/www.lk-b.de\/gesundheit\/wp-content\/uploads\/2024\/12\/CelluCare.jpg","width":500,"height":500,"caption":"CelluCare"},{"@type":"BreadcrumbList","@id":"https:\/\/www.lk-b.de\/gesundheit\/cellucare\/#breadcrumb","itemListElement":[{"@type":"ListItem","position":1,"name":"Startseite","item":"https:\/\/www.lk-b.de\/gesundheit\/"},{"@type":"ListItem","position":2,"name":"Gesundheit","item":"https:\/\/www.lk-b.de\/gesundheit\/"},{"@type":"ListItem","position":3,"name":"CelluCare"}]},{"@type":"WebSite","@id":"https:\/\/www.lk-b.de\/gesundheit\/#website","url":"https:\/\/www.lk-b.de\/gesundheit\/","name":"Lungenklinik Ballenstedt","description":"","publisher":{"@id":"https:\/\/www.lk-b.de\/gesundheit\/#organization"},"potentialAction":[{"@type":"SearchAction","target":{"@type":"EntryPoint","urlTemplate":"https:\/\/www.lk-b.de\/gesundheit\/?s={search_term_string}"},"query-input":{"@type":"PropertyValueSpecification","valueRequired":true,"valueName":"search_term_string"}}],"inLanguage":"de"},{"@type":"Organization","@id":"https:\/\/www.lk-b.de\/gesundheit\/#organization","name":"Lungenklinik Ballenstedt","url":"https:\/\/www.lk-b.de\/gesundheit\/","logo":{"@type":"ImageObject","inLanguage":"de","@id":"https:\/\/www.lk-b.de\/gesundheit\/#\/schema\/logo\/image\/","url":"https:\/\/www.lk-b.de\/gesundheit\/wp-content\/uploads\/2024\/11\/logo.jpg","contentUrl":"https:\/\/www.lk-b.de\/gesundheit\/wp-content\/uploads\/2024\/11\/logo.jpg","width":1170,"height":1171,"caption":"Lungenklinik Ballenstedt"},"image":{"@id":"https:\/\/www.lk-b.de\/gesundheit\/#\/schema\/logo\/image\/"}}]}},"_links":{"self":[{"href":"https:\/\/www.lk-b.de\/gesundheit\/wp-json\/wp\/v2\/product\/214","targetHints":{"allow":["GET"]}}],"collection":[{"href":"https:\/\/www.lk-b.de\/gesundheit\/wp-json\/wp\/v2\/product"}],"about":[{"href":"https:\/\/www.lk-b.de\/gesundheit\/wp-json\/wp\/v2\/types\/product"}],"replies":[{"embeddable":true,"href":"https:\/\/www.lk-b.de\/gesundheit\/wp-json\/wp\/v2\/comments?post=214"}],"wp:featuredmedia":[{"embeddable":true,"href":"https:\/\/www.lk-b.de\/gesundheit\/wp-json\/wp\/v2\/media\/220"}],"wp:attachment":[{"href":"https:\/\/www.lk-b.de\/gesundheit\/wp-json\/wp\/v2\/media?parent=214"}],"wp:term":[{"taxonomy":"product_brand","embeddable":true,"href":"https:\/\/www.lk-b.de\/gesundheit\/wp-json\/wp\/v2\/product_brand?post=214"},{"taxonomy":"product_cat","embeddable":true,"href":"https:\/\/www.lk-b.de\/gesundheit\/wp-json\/wp\/v2\/product_cat?post=214"},{"taxonomy":"product_tag","embeddable":true,"href":"https:\/\/www.lk-b.de\/gesundheit\/wp-json\/wp\/v2\/product_tag?post=214"}],"curies":[{"name":"wp","href":"https:\/\/api.w.org\/{rel}","templated":true}]}}