{"id":74,"date":"2024-11-24T01:12:28","date_gmt":"2024-11-24T01:12:28","guid":{"rendered":"https:\/\/www.lk-b.de\/gesundheit\/?page_id=74"},"modified":"2024-11-24T01:12:28","modified_gmt":"2024-11-24T01:12:28","slug":"datenschutz","status":"publish","type":"page","link":"https:\/\/www.lk-b.de\/gesundheit\/datenschutz\/","title":{"rendered":"Datenschutz"},"content":{"rendered":"<p>Willkommen auf unserer Webseite! Der Schutz Ihrer pers\u00f6nlichen Daten ist uns sehr wichtig. Diese Datenschutzrichtlinie erl\u00e4utert, wie wir Ihre Daten erfassen, verwenden und sch\u00fctzen, wenn Sie unsere Webseite besuchen.<\/p>\n<h3>Datenerfassung<\/h3>\n<p>Wir erfassen Daten, die Sie uns zur Verf\u00fcgung stellen, wenn Sie unsere Webseite nutzen. Dies umfasst Informationen, die Sie bei der Nutzung unserer Dienste eingeben, wie Ihre E-Mail-Adresse und andere Kontaktinformationen.<\/p>\n<h3>Nutzung Ihrer Daten<\/h3>\n<p>Wir verwenden Ihre Daten, um Ihnen die Nutzung unserer Dienste zu erm\u00f6glichen und um unsere Webseite zu verbessern. Dies beinhaltet:<\/p>\n<ul>\n<li>Die Bereitstellung von Zugang zu unserer Webseite<\/li>\n<li>Die Verbesserung und Personalisierung unserer Dienste<\/li>\n<li>Die Kommunikation mit Ihnen bez\u00fcglich Ihrer Anfragen<\/li>\n<\/ul>\n<h3>Weitergabe von Daten<\/h3>\n<p>Ihre pers\u00f6nlichen Daten werden ohne Ihre ausdr\u00fcckliche Zustimmung nicht an Dritte weitergegeben, es sei denn, es ist gesetzlich erforderlich.<\/p>\n<h3>Datensicherheit<\/h3>\n<p>Wir treffen angemessene Sicherheitsma\u00dfnahmen, um Ihre Daten vor unerlaubtem Zugriff und unbefugter Weitergabe, \u00c4nderung oder Zerst\u00f6rung zu sch\u00fctzen.<\/p>\n<h3>Ihre Rechte<\/h3>\n<p>Sie haben das Recht, Auskunft \u00fcber die von uns gespeicherten pers\u00f6nlichen Daten zu verlangen. Sie k\u00f6nnen auch die Berichtigung, L\u00f6schung oder Einschr\u00e4nkung der Verarbeitung Ihrer Daten verlangen.<\/p>\n<h3>\u00c4nderungen an der Datenschutzrichtlinie<\/h3>\n<p>Wir behalten uns das Recht vor, diese Datenschutzrichtlinie zu \u00e4ndern. Die aktuelle Version der Richtlinie ist stets auf unserer Webseite zug\u00e4nglich.<\/p>\n<h3>Kontakt<\/h3>\n<p>Wenn Sie Fragen zu dieser Datenschutzrichtlinie haben, kontaktieren Sie uns bitte unter:<\/p>\n<ul>\n<li>E-Mail: <a rel=\"noopener\">info@lk-b.de<\/a><\/li>\n<li>Adresse: Lungenklinik Ballenstedt, Robert-Koch-Stra\u00dfe 26\/27, 06493 Ballenstedt<\/li>\n<\/ul>\n<p>Diese Datenschutzrichtlinie ist ab 20.11.2024 g\u00fcltig.<\/p>\n","protected":false},"excerpt":{"rendered":"<p>Willkommen auf unserer Webseite! Der Schutz Ihrer pers\u00f6nlichen Daten ist uns sehr wichtig. Diese Datenschutzrichtlinie erl\u00e4utert, wie wir Ihre Daten [&hellip;]<\/p>\n","protected":false},"author":1,"featured_media":0,"parent":0,"menu_order":0,"comment_status":"closed","ping_status":"closed","template":"","meta":{"site-sidebar-layout":"default","site-content-layout":"","ast-site-content-layout":"default","site-content-style":"default","site-sidebar-style":"default","ast-global-header-display":"","ast-banner-title-visibility":"","ast-main-header-display":"","ast-hfb-above-header-display":"","ast-hfb-below-header-display":"","ast-hfb-mobile-header-display":"","site-post-title":"","ast-breadcrumbs-content":"","ast-featured-img":"","footer-sml-layout":"","ast-disable-related-posts":"","theme-transparent-header-meta":"default","adv-header-id-meta":"","stick-header-meta":"default","header-above-stick-meta":"","header-main-stick-meta":"","header-below-stick-meta":"","astra-migrate-meta-layouts":"set","ast-page-background-enabled":"default","ast-page-background-meta":{"desktop":{"background-color":"var(--ast-global-color-4)","background-image":"","background-repeat":"repeat","background-position":"center center","background-size":"auto","background-attachment":"scroll","background-type":"","background-media":"","overlay-type":"","overlay-color":"","overlay-opacity":"","overlay-gradient":""},"tablet":{"background-color":"","background-image":"","background-repeat":"repeat","background-position":"center center","background-size":"auto","background-attachment":"scroll","background-type":"","background-media":"","overlay-type":"","overlay-color":"","overlay-opacity":"","overlay-gradient":""},"mobile":{"background-color":"","background-image":"","background-repeat":"repeat","background-position":"center center","background-size":"auto","background-attachment":"scroll","background-type":"","background-media":"","overlay-type":"","overlay-color":"","overlay-opacity":"","overlay-gradient":""}},"ast-content-background-meta":{"desktop":{"background-color":"var(--ast-global-color-5)","background-image":"","background-repeat":"repeat","background-position":"center center","background-size":"auto","background-attachment":"scroll","background-type":"","background-media":"","overlay-type":"","overlay-color":"","overlay-opacity":"","overlay-gradient":""},"tablet":{"background-color":"var(--ast-global-color-5)","background-image":"","background-repeat":"repeat","background-position":"center center","background-size":"auto","background-attachment":"scroll","background-type":"","background-media":"","overlay-type":"","overlay-color":"","overlay-opacity":"","overlay-gradient":""},"mobile":{"background-color":"var(--ast-global-color-5)","background-image":"","background-repeat":"repeat","background-position":"center center","background-size":"auto","background-attachment":"scroll","background-type":"","background-media":"","overlay-type":"","overlay-color":"","overlay-opacity":"","overlay-gradient":""}},"footnotes":""},"class_list":["post-74","page","type-page","status-publish","hentry"],"yoast_head":"<!-- This site is optimized with the Yoast SEO plugin v27.4 - https:\/\/yoast.com\/product\/yoast-seo-wordpress\/ -->\n<title>Datenschutz - Lungenklinik Ballenstedt<\/title>\n<meta name=\"robots\" content=\"index, follow, max-snippet:-1, max-image-preview:large, max-video-preview:-1\" \/>\n<link rel=\"canonical\" href=\"https:\/\/www.lk-b.de\/gesundheit\/datenschutz\/\" \/>\n<meta property=\"og:locale\" content=\"de_DE\" \/>\n<meta property=\"og:type\" content=\"article\" \/>\n<meta property=\"og:title\" content=\"Datenschutz - Lungenklinik Ballenstedt\" \/>\n<meta property=\"og:description\" content=\"Willkommen auf unserer Webseite! Der Schutz Ihrer pers\u00f6nlichen Daten ist uns sehr wichtig. Diese Datenschutzrichtlinie erl\u00e4utert, wie wir Ihre Daten [&hellip;]\" \/>\n<meta property=\"og:url\" content=\"https:\/\/www.lk-b.de\/gesundheit\/datenschutz\/\" \/>\n<meta property=\"og:site_name\" content=\"Lungenklinik Ballenstedt\" \/>\n<meta name=\"twitter:card\" content=\"summary_large_image\" \/>\n<meta name=\"twitter:label1\" content=\"Gesch\u00e4tzte Lesezeit\" \/>\n\t<meta name=\"twitter:data1\" content=\"2\u00a0Minuten\" \/>\n<script type=\"application\/ld+json\" class=\"yoast-schema-graph\">{\"@context\":\"https:\\\/\\\/schema.org\",\"@graph\":[{\"@type\":\"WebPage\",\"@id\":\"https:\\\/\\\/www.lk-b.de\\\/gesundheit\\\/datenschutz\\\/\",\"url\":\"https:\\\/\\\/www.lk-b.de\\\/gesundheit\\\/datenschutz\\\/\",\"name\":\"Datenschutz - Lungenklinik Ballenstedt\",\"isPartOf\":{\"@id\":\"https:\\\/\\\/www.lk-b.de\\\/gesundheit\\\/#website\"},\"datePublished\":\"2024-11-24T01:12:28+00:00\",\"breadcrumb\":{\"@id\":\"https:\\\/\\\/www.lk-b.de\\\/gesundheit\\\/datenschutz\\\/#breadcrumb\"},\"inLanguage\":\"de\",\"potentialAction\":[{\"@type\":\"ReadAction\",\"target\":[\"https:\\\/\\\/www.lk-b.de\\\/gesundheit\\\/datenschutz\\\/\"]}]},{\"@type\":\"BreadcrumbList\",\"@id\":\"https:\\\/\\\/www.lk-b.de\\\/gesundheit\\\/datenschutz\\\/#breadcrumb\",\"itemListElement\":[{\"@type\":\"ListItem\",\"position\":1,\"name\":\"Startseite\",\"item\":\"https:\\\/\\\/www.lk-b.de\\\/gesundheit\\\/\"},{\"@type\":\"ListItem\",\"position\":2,\"name\":\"Datenschutz\"}]},{\"@type\":\"WebSite\",\"@id\":\"https:\\\/\\\/www.lk-b.de\\\/gesundheit\\\/#website\",\"url\":\"https:\\\/\\\/www.lk-b.de\\\/gesundheit\\\/\",\"name\":\"Lungenklinik Ballenstedt\",\"description\":\"\",\"publisher\":{\"@id\":\"https:\\\/\\\/www.lk-b.de\\\/gesundheit\\\/#organization\"},\"potentialAction\":[{\"@type\":\"SearchAction\",\"target\":{\"@type\":\"EntryPoint\",\"urlTemplate\":\"https:\\\/\\\/www.lk-b.de\\\/gesundheit\\\/?s={search_term_string}\"},\"query-input\":{\"@type\":\"PropertyValueSpecification\",\"valueRequired\":true,\"valueName\":\"search_term_string\"}}],\"inLanguage\":\"de\"},{\"@type\":\"Organization\",\"@id\":\"https:\\\/\\\/www.lk-b.de\\\/gesundheit\\\/#organization\",\"name\":\"Lungenklinik Ballenstedt\",\"url\":\"https:\\\/\\\/www.lk-b.de\\\/gesundheit\\\/\",\"logo\":{\"@type\":\"ImageObject\",\"inLanguage\":\"de\",\"@id\":\"https:\\\/\\\/www.lk-b.de\\\/gesundheit\\\/#\\\/schema\\\/logo\\\/image\\\/\",\"url\":\"https:\\\/\\\/www.lk-b.de\\\/gesundheit\\\/wp-content\\\/uploads\\\/2024\\\/11\\\/logo.jpg\",\"contentUrl\":\"https:\\\/\\\/www.lk-b.de\\\/gesundheit\\\/wp-content\\\/uploads\\\/2024\\\/11\\\/logo.jpg\",\"width\":1170,\"height\":1171,\"caption\":\"Lungenklinik Ballenstedt\"},\"image\":{\"@id\":\"https:\\\/\\\/www.lk-b.de\\\/gesundheit\\\/#\\\/schema\\\/logo\\\/image\\\/\"}}]}<\/script>\n<!-- \/ Yoast SEO plugin. -->","yoast_head_json":{"title":"Datenschutz - Lungenklinik Ballenstedt","robots":{"index":"index","follow":"follow","max-snippet":"max-snippet:-1","max-image-preview":"max-image-preview:large","max-video-preview":"max-video-preview:-1"},"canonical":"https:\/\/www.lk-b.de\/gesundheit\/datenschutz\/","og_locale":"de_DE","og_type":"article","og_title":"Datenschutz - Lungenklinik Ballenstedt","og_description":"Willkommen auf unserer Webseite! Der Schutz Ihrer pers\u00f6nlichen Daten ist uns sehr wichtig. Diese Datenschutzrichtlinie erl\u00e4utert, wie wir Ihre Daten [&hellip;]","og_url":"https:\/\/www.lk-b.de\/gesundheit\/datenschutz\/","og_site_name":"Lungenklinik Ballenstedt","twitter_card":"summary_large_image","twitter_misc":{"Gesch\u00e4tzte Lesezeit":"2\u00a0Minuten"},"schema":{"@context":"https:\/\/schema.org","@graph":[{"@type":"WebPage","@id":"https:\/\/www.lk-b.de\/gesundheit\/datenschutz\/","url":"https:\/\/www.lk-b.de\/gesundheit\/datenschutz\/","name":"Datenschutz - Lungenklinik Ballenstedt","isPartOf":{"@id":"https:\/\/www.lk-b.de\/gesundheit\/#website"},"datePublished":"2024-11-24T01:12:28+00:00","breadcrumb":{"@id":"https:\/\/www.lk-b.de\/gesundheit\/datenschutz\/#breadcrumb"},"inLanguage":"de","potentialAction":[{"@type":"ReadAction","target":["https:\/\/www.lk-b.de\/gesundheit\/datenschutz\/"]}]},{"@type":"BreadcrumbList","@id":"https:\/\/www.lk-b.de\/gesundheit\/datenschutz\/#breadcrumb","itemListElement":[{"@type":"ListItem","position":1,"name":"Startseite","item":"https:\/\/www.lk-b.de\/gesundheit\/"},{"@type":"ListItem","position":2,"name":"Datenschutz"}]},{"@type":"WebSite","@id":"https:\/\/www.lk-b.de\/gesundheit\/#website","url":"https:\/\/www.lk-b.de\/gesundheit\/","name":"Lungenklinik Ballenstedt","description":"","publisher":{"@id":"https:\/\/www.lk-b.de\/gesundheit\/#organization"},"potentialAction":[{"@type":"SearchAction","target":{"@type":"EntryPoint","urlTemplate":"https:\/\/www.lk-b.de\/gesundheit\/?s={search_term_string}"},"query-input":{"@type":"PropertyValueSpecification","valueRequired":true,"valueName":"search_term_string"}}],"inLanguage":"de"},{"@type":"Organization","@id":"https:\/\/www.lk-b.de\/gesundheit\/#organization","name":"Lungenklinik Ballenstedt","url":"https:\/\/www.lk-b.de\/gesundheit\/","logo":{"@type":"ImageObject","inLanguage":"de","@id":"https:\/\/www.lk-b.de\/gesundheit\/#\/schema\/logo\/image\/","url":"https:\/\/www.lk-b.de\/gesundheit\/wp-content\/uploads\/2024\/11\/logo.jpg","contentUrl":"https:\/\/www.lk-b.de\/gesundheit\/wp-content\/uploads\/2024\/11\/logo.jpg","width":1170,"height":1171,"caption":"Lungenklinik Ballenstedt"},"image":{"@id":"https:\/\/www.lk-b.de\/gesundheit\/#\/schema\/logo\/image\/"}}]}},"_links":{"self":[{"href":"https:\/\/www.lk-b.de\/gesundheit\/wp-json\/wp\/v2\/pages\/74","targetHints":{"allow":["GET"]}}],"collection":[{"href":"https:\/\/www.lk-b.de\/gesundheit\/wp-json\/wp\/v2\/pages"}],"about":[{"href":"https:\/\/www.lk-b.de\/gesundheit\/wp-json\/wp\/v2\/types\/page"}],"author":[{"embeddable":true,"href":"https:\/\/www.lk-b.de\/gesundheit\/wp-json\/wp\/v2\/users\/1"}],"replies":[{"embeddable":true,"href":"https:\/\/www.lk-b.de\/gesundheit\/wp-json\/wp\/v2\/comments?post=74"}],"version-history":[{"count":1,"href":"https:\/\/www.lk-b.de\/gesundheit\/wp-json\/wp\/v2\/pages\/74\/revisions"}],"predecessor-version":[{"id":75,"href":"https:\/\/www.lk-b.de\/gesundheit\/wp-json\/wp\/v2\/pages\/74\/revisions\/75"}],"wp:attachment":[{"href":"https:\/\/www.lk-b.de\/gesundheit\/wp-json\/wp\/v2\/media?parent=74"}],"curies":[{"name":"wp","href":"https:\/\/api.w.org\/{rel}","templated":true}]}}